8*b**2 + 3*b + 5. Let f(j) = -5*h(j) + s(j). Let c = 47 + -26. Let v = 15 - c. What is f(v)?
3
Suppose 476*o + 476*o - 946*o - 24 = 0. Let a(b) = 25*b - 97. What is a(o)?
3
Let v(t) be the third derivative of t**4/3 - 2*t**3 + 3191*t**2. Give v(3).
12
Let k(x) be the second derivative of 5*x**4/6 - x**3/2 - x**2 + 3*x + 10992. Let t(z) = z**3 + 7*z**2 + 7*z + 5. Let f be t(-6). What is k(f)?
11
Suppose -54 = -3*z - 15*t + 19*t, 6 = 2*t. Let d(m) = -7*m + 164. Determine d(z).
10
Suppose 66*s = 124*s - 51*s + 21. Let o(p) = -p**2 - 3*p - 9. Give o(s).
-9
Let j(h) = -h**3 + 7*h**2 + 10*h + 2. Let t be j(8). Let n be t/(-42) + 3/7. Let l(z) = -z**2 + 4 + 0*z - z - 3 + n*z. Determine l(-1).
1
Let h be ((903/14)/43)/((-2)/(-4)). Let m(s) = s**2 + 22*s - 68. Give m(h).
7
Let b(l) = -4*l**2 - 8*l + 4. Let y = 981 + -987. Determine b(y).
-92
Let u(w) = -w**3 - 4*w**2 - 4*w + 1. Let y(m) = 2*m**3 + 24*m**2 + 7*m - 5. Let j(v) = -3*u(v) - y(v). What is j(5)?
-148
Let c(z) = -18*z**3 + 31 + 29*z**2 + 24*z - 91 - 34*z**2 + 31*z**2 + 19*z**3. Determine c(-25).
-35
Let j(r) be the first derivative of 7*r**2/2 - 60*r - 2412. What is j(7)?
-11
Let w(z) = z - 3. Let r(x) = -2*x + 5. Let a(q) = -4*r(q) - 7*w(q). Suppose 14*v - 92 = -9*v. Let d(p) = 6*p**2 - 24*p + 5. Let k be d(v). Give a(k).
6
Let m(u) = 5*u - 1. Let a(s) = -s + 1. Let p(z) = -2*a(z) - m(z). Let o(v) = 120*v - 24. Let w be o(6). Let q = w + -699. What is p(q)?
8
Let v(n) = 9*n**2 - 3 - 4*n - 10*n**2 - 3*n. Suppose 2*f + 3 = f. Give v(f).
9
Let w(k) = -46*k**2 + k + 5. Let a be w(0). Let g(t) = -t**3 + 6*t**2 - 9*t + 10. Give g(a).
-10
Suppose 0 = 3*w - 0*w - 27. Let c(s) = 11*s - 105. Let x be c(w). Let i(m) = 1 - 2*m + 3*m - 3. Calculate i(x).
-8
Let r(f) = -f**3 - 2*f**2 + 2*f - 1. Let p be r(-2). Let y(o) = -13*o + 292. Let h(n) = -10*n + 217. Let g(t) = -4*h(t) + 3*y(t). Calculate g(p).
3
Let b(j) = j**3 + 12*j**2 - 7*j. Suppose 41*h - 116*h = 900. Calculate b(h).
84
Let b(h) = -15 + h**3 + h + 45154*h**2 - 2*h - 45149*h**2. Determine b(-7).
-106
Let x(a) = 28*a + 45. Let c(u) = -49*u - 94. Let g(j) = -3*c(j) - 5*x(j). What is g(-6)?
15
Let s(y) = -125*y**2 + 24*y + 14. Let c(l) = 292*l**2 - 49*l - 29. Let r(b) = -3*c(b) - 7*s(b). Calculate r(-20).
9
Suppose -3*w - 2*w = 15. Suppose -437*q + 433*q + 44 = 0. Let t(x) = 14 - 49*x**2 - x + 44*x**2 - x**3 - q. Calculate t(w).
-12
Let m(z) = 2*z**3 - 145*z**2 - 300*z - 9. Let q be m(-2). Let p(a) = -26*a - 133. Determine p(q).
-3
Let r(v) = -4*v + 15. Let k(m) = -m**2 - 2*m + 1. Let f be k(-1). Suppose -14 = 4*j - 8*j - f*b, -5*b = 5. Give r(j).
-1
Let s = 164 + -165. Let h(q) = q**2 - 2*q - 1. Let n(w) = -5*w**2 + 11*w. Let r(l) = s*n(l) - 4*h(l). Calculate r(5).
14
Let t(o) = -7 + 5*o + 19 - 15 + 31*o. Calculate t(1).
33
Suppose 4*n = -6 + 230. Let d(a) = n*a - 20*a - 37*a - 3. Calculate d(3).
-6
Suppose 95 - 18 = 11*f. Let r be ((448/40)/f)/((-2)/(-5)). Suppose r*g + 15 = 7*g. Let v(x) = x - 6. Give v(g).
-1
Let h(r) = -r**3 + r**2 + 2*r + 1. Let s be (-80)/(-60)*(-9)/(-2). Suppose s = -3*b + 2*b - 3*g, g = -3. What is h(b)?
-11
Let t(p) be the second derivative of -p**5/24 + p**4/8 + p**3/3 - 14*p**2 - 2*p + 5. Let v(n) be the second derivative of t(n). Determine v(2).
-7
Let n(b) = 932 - 934 - 6*b + 20*b. Calculate n(1).
12
Suppose 4*a = -3*k - 116, -5*k = -3*a - 0*k - 58. Let p = a - -25. Let h(y) = 14*y + 1. What is h(p)?
-13
Let x(g) = 30 + 12 - g - 58 + 10 + 17. Suppose 4*p - 59 = 5. Calculate x(p).
-5
Let n(z) = z**3 - 2*z**2 + 4*z - 2. Suppose -4 = -k - 1, -2*s + 4*k + 22 = 0. Suppose s*r - 33*r + 32 = 0. Give n(r).
6
Suppose -2*i = -4*k, -3*i = 4*k - 0*k - 20. Let b(f) = -4 + 5*f**2 - f**3 + 0 - 1 + k*f**2 - 6*f. Calculate b(5).
15
Let t(n) be the first derivative of n**5/30 - 5*n**4/24 + n**3/3 - 3*n**2/2 - 151. Let u(m) be the third derivative of t(m). Give u(3).
7
Let h(b) be the third derivative of 5*b**4/24 - 5*b**3/6 + 73*b**2 - 30. Calculate h(8).
35
Let u(w) be the first derivative of 2*w**2 - 29 + w - w**2 - 4*w**2 + 3*w. Give u(3).
-14
Let k(v) = 4*v**2 + 204*v + 2. Let w be (32 + 2)/(((-92)/299)/((-6)/(-13))). Calculate k(w).
2
Let j be (-1)/(10/(-8))*10. Let q(h) = -127*h - 11 - 134*h - 142*h + 404*h. Give q(j).
-3
Let b = -1740 - -1729. Let u(y) = y**3 + 13*y**2 + 23*y + 21. Determine u(b).
10
Let w(k) = -17*k - 16. Let a = 368 - 364. Let r(f) = -39*f - 31. Let s(o) = a*r(o) - 9*w(o). Calculate s(8).
-4
Let p be (-5)/(-3) - -3*(-4)/(-36). Let y(d) = -6*d**3 + 6 + 2*d**3 + 13*d**p - 8*d + 3*d**3 - 4*d**2. Give y(8).
6
Let w = -44 - -62. Suppose -v - 2*y - 16 = 0, -2*v + 5*y = 5 - w. Let m be (-1 + 3)*(-3)/v*-1. Let o(a) = -6*a**2. Give o(m).
-6
Suppose -m + 19 = r, m + 11 = r + 2. Suppose -10*a + r*a = 32. Let q be 6/(-2) + (-16)/a. Let g(f) = f**3 + 6*f**2 + 7*f + 4. What is g(q)?
-6
Let h(d) = -102*d - 16. Let p(m) = 51*m + 10. Let n(i) = 4*h(i) + 7*p(i). Let j be n(0). Let y(r) = -2*r**2 + 5*r + 7. Calculate y(j).
-35
Let y(g) be the first derivative of 5 - 2*g - 1/2*g**2. Let d(h) = h + 3. Let b be d(-3). What is y(b)?
-2
Let z(l) = -l**3 - 7*l**2. Let d(c) = 5*c**3 + 17*c**2 + 30*c + 6. Let p(w) = -d(w) - 4*z(w). Determine p(6).
-6
Let f(y) be the second derivative of y**5/20 - y**4/3 + y**3/6 - 5*y**2/2 - 2*y + 318. Determine f(4).
-1
Suppose 2*w - 8 = -2*c, 3*w - 3 - 6 = -2*c. Suppose 665 = 6*o + 29*o. Let m(h) = 11 - 4*h**2 - o + 9 + 2*h + 2*h**c. Calculate m(2).
5
Suppose -i = -14*i + 3016. Let y(d) = -i*d**2 - 2*d**3 + d**3 + 227*d**2 - 1. What is y(-5)?
-1
Suppose 152*v + 0*v = 98 + 510. Let g(c) = 14*c - 6. Give g(v).
50
Let f(j) = -274 - 3*j + 93 + 84 + 91. Calculate f(3).
-15
Let b(u) = -1. Let n(i) = -2*i. Let q(m) = 2*b(m) + n(m). Let w be ((-6)/14)/((-4)/56) + -13. What is q(w)?
12
Let z(s) be the first derivative of -s**4/4 - s**3 - s**2 + 3*s + 182772. Let b be (-4)/(-2)*(0 - -2). Let y(f) = f**2 - 5*f + 1. Let r be y(b). Give z(r).
9
Let i(q) be the first derivative of -q**2/2 - 6*q + 2. Let x be i(-5). Let k(m) be the first derivative of -7*m**3/3 - m**2/2 - m + 3054. Determine k(x).
-7
Let v(u) = u**3 - u**2 - 1. Let p be v(2). Suppose 2*s + 0 - p = g, s = 2*g. Let h(x) = -2 - s*x + x**3 + x + 7*x**2 + 9. Give h(-7).
14
Let p(a) = a**3 + 6*a**2 + 5*a - 1. Let n(v) = -10*v - 81. Let m be n(-9). Suppose 6*y + 5*o = m*y + 32, 3*o = 5*y + 32. Give p(y).
11
Let w(f) = f**3 + 0 + 4 - 10 - 4*f**2 + 5*f**2 - 12*f + 9. Determine w(0).
3
Let p(k) = 4*k + 2*k + 0 + 3. Let u(q) = q**3 + 5*q**2 + 5*q + 8. Suppose -118 + 90 = 7*t. Let r be u(t). Give p(r).
27
Let u(z) be the third derivative of -z**5/60 - z**4/6 - 493*z**2 - 2. What is u(-2)?
4
Let f(w) = -2*w + 246*w**2 + 9 + 116*w**2 - 361*w**2 - 7*w - 3. Suppose 4*q - 40 = -q. Determine f(q).
-2
Let m(n) = -n**3 - n**2 + n + 10. Let j(y) = y**2 - 5*y - 12. Let h be j(-5). Suppose s = -38 + h. What is m(s)?
10
Suppose 4*n = -5*x + 28 + 15, -5*x + 9 = 2*n. Suppose 5 = -3*m + 2*v, -v - 3*v = 3*m + n. Let k(l) = 3*l - 6*l**2 + 2 + l**3 - 3 + 11*l**2. What is k(m)?
8
Let c be 9/1 + (-11)/((-55)/10). Suppose 19*w + 40 = c*w. Let y(o) = -4*o + 3. Give y(w).
23
Let o(y) be the second derivative of -y**3/6 + 3*y**2 - 1238*y. Suppose 2*t - 9 = -t. Determine o(t).
3
Let n(b) = 11*b**3 + 6*b - 9*b**2 - 4 - b**2 - 15*b**3 + 11*b**2 + 0*b**3. Calculate n(2).
-20
Let d(b) = -2*b - 13. Suppose 203*o + 420 = 273*o. Determine d(o).
-25
Let n(g) = -2*g - 7. Let z be 261 - ((-268)/52 - 2/(-13)). Let r = z + -270. Give n(r).
1
Let w(i) be the second derivative of i**4/4 - 3*i**3 + 7*i**2/2 + 6*i + 15. Determine w(6).
7
Let z = 6748 - 6753. Let p(r) be the second derivative of -7/2*r**2 - 2*r - 1/2*r**3 + 0. Give p(z).
8
Let v = -1319 - -1342. Let w(p) = 4*p - 122. Give w(v).
-30
Let t = 0 + 5. Let u(d) = -d - 1. Let c(z) = -z**2 - 11*z - 8. Let y(n) = t*u(n) - c(n). Let v be (-3 - (-22)/10)*(-7 - -12). Calculate y(v).
-5
Let g(d) = 3*d - 2 + 5 - 6*d. Let a = -331 - -336. Suppose 0 = -a*n + 6 + 14. What is g(n)?
-9
Suppose 2*s + 5*x = 3*s - 30, -s + 6 = -x. Let g(q) = q**2 + q + 2. Give g(s).
2
Suppose 21476*t - 812 = 21504*t. Let h(n) = -n**2 - 32*n - 81. Calculate h(t).
6
Suppose 0 = -t - 61 + 49. Let o be (-3)/(18/(-24))*9/t. Let m(x) = 2*x + 6. Determine m(o).
0
Suppose 109